{"id":784,"date":"2020-05-22T10:10:40","date_gmt":"2020-05-22T08:10:40","guid":{"rendered":"http:\/\/www.agriturismolegiarine.it\/?page_id=784"},"modified":"2020-05-22T10:10:40","modified_gmt":"2020-05-22T08:10:40","slug":"privacy","status":"publish","type":"page","link":"http:\/\/www.agriturismolegiarine.it\/index.php\/privacy\/","title":{"rendered":"Privacy"},"content":{"rendered":"\n<h2 class=\"wp-block-heading\">Informativa Privacy:<\/h2>\n\n\n\n<p>In osservanza del decreto legislativo 196\/2003, di seguito sono riportate le informazioni in ordine alle finalit\u00e0 e modalit\u00e0 di trattamento dei Vs. dati personali, nonch\u00e8 l\u2019ambito di comunicazione e diffusione degli stessi, alla natura dei dati in nostro possesso e del loro conferimento.<\/p>\n\n\n\n<p><strong>Finalit\u00e0 del trattamento<\/strong><\/p>\n\n\n\n<p>I dati personali sono raccolti al fine di provvedere agli adempimenti connessi all\u2019attivit\u00e0 economica dell\u2019azienda ed in particolare, a titolo esemplicativo, per adempimenti agli obblighi contrattuali (quali rapporti di fornitura, di vendita, mandati professionali nonch\u00e8 relative registrazioni e modifiche), adempimenti agli obblighi di legge (quali fatturazione, registrazioni e scritture contabili obbligatorie e dichiarazioni fiscali), richieste di informazioni economiche volte alla valutazione della solvibilit\u00e0 dell\u2019impresa e per le eventuali pratiche connesse alle insolvenze creditizie.<\/p>\n\n\n\n<p><strong>Modalit\u00e0 di trattamento<\/strong><br>I dati saranno trattati in forma manuale e\/o automatizzata ad opera di soggetti appositamente incaricati. Il trattamento avverr\u00e0 nel rispetto delle regole di riservatezza e sicurezza previste dal Codice. I dati saranno registrati, organizzati e conservati in archivi informatici e\/o cartacei e verranno aggiornati ogni volta che fosse necessario o richiesto.<\/p>\n\n\n\n<p><strong>Ambito della comunicazione e diffusione<\/strong><br>I dati personali potranno essere comunicati\/diffusi a soggetti esterni che svolgono specifici incarichi per conto dell\u2019azienda (tenuta della contabilit\u00e0, bilanci, adempimenti fiscali, trasporto dei beni), agli incaricati presenti in azienda addetti alle attivit\u00e0 amministrative e commerciali, ad istituti bancari per la gestione di incassi e pagamenti derivanti dall\u2019esecuzione di contratti, a soggetti che possono accedevi in forza di disposizione di legge, in forma anonima per finalit\u00e0 di ricerca scientifica o statistica.<\/p>\n\n\n\n<p><strong>Natura del conferimento<\/strong><br>Il conferimento dei dati personali (quali ad esempio dati identificativi per clienti privati, Paritia I.V.A.\/codice fiscale e dati identificativi per clienti commerciali) \u00e8 obbligatorio, pertanto, pertanto la richiesta di fornitura e\/o collaborazione implica la manifestazione del consenso al trattamento di tali dati. Il rifiuto al conferimento dei dati comporta l\u2019oggettiva impossibilit\u00e0 di gestire regolarmente il rapporto.<\/p>\n\n\n\n<p><strong>Diritti dell\u2019interessato<\/strong><br>Ai sensi dell\u2019art. 7 del Codice, in quanto soggetti interessati, avete diritto, secondo le modalit\u00e0 e nei termini previsti dalla legge, di richiedere ed ottenere conferma dell\u2019esistenza o meno dei Vostri dati personali, il loro aggiornamento, rettifica o cancellazione, di avere informazioni circa l\u2019origine dei dati personali e le finalit\u00e0 e modalit\u00e0 del loro trattamento, e di esercitare tuti gli altri diritti riconosciuti dalle vigenti norme di legge.<\/p>\n\n\n\n<p><strong>Titolare e Responsabili del trattamento :<\/strong><\/p>\n\n\n\n<p><strong>Azienda Agricola Le Giarine S.r.l.<\/strong><\/p>\n\n\n\n<p>via Dei Campi, 4<\/p>\n\n\n\n<p>34070 &#8211; Fogliano Redipuglia (GO)<\/p>\n\n\n\n<p>P.IVA&nbsp;01119920310<\/p>\n","protected":false},"excerpt":{"rendered":"<p>Informativa Privacy: In osservanza del decreto legislativo 196\/2003, di seguito sono riportate le informazioni in ordine alle finalit\u00e0 e modalit\u00e0 di trattamento dei Vs. dati personali, nonch\u00e8 l\u2019ambito di comunicazione e diffusione degli stessi, alla natura dei dati in nostro possesso e del loro conferimento. Finalit\u00e0 del trattamento I dati personali sono raccolti al fine [&hellip;]<\/p>\n","protected":false},"author":2,"featured_media":0,"parent":0,"menu_order":0,"comment_status":"closed","ping_status":"closed","template":"","meta":{"footnotes":""},"tags":[],"class_list":["post-784","page","type-page","status-publish","hentry"],"jetpack_sharing_enabled":true,"_links":{"self":[{"href":"http:\/\/www.agriturismolegiarine.it\/index.php\/wp-json\/wp\/v2\/pages\/784","targetHints":{"allow":["GET"]}}],"collection":[{"href":"http:\/\/www.agriturismolegiarine.it\/index.php\/wp-json\/wp\/v2\/pages"}],"about":[{"href":"http:\/\/www.agriturismolegiarine.it\/index.php\/wp-json\/wp\/v2\/types\/page"}],"author":[{"embeddable":true,"href":"http:\/\/www.agriturismolegiarine.it\/index.php\/wp-json\/wp\/v2\/users\/2"}],"replies":[{"embeddable":true,"href":"http:\/\/www.agriturismolegiarine.it\/index.php\/wp-json\/wp\/v2\/comments?post=784"}],"version-history":[{"count":1,"href":"http:\/\/www.agriturismolegiarine.it\/index.php\/wp-json\/wp\/v2\/pages\/784\/revisions"}],"predecessor-version":[{"id":785,"href":"http:\/\/www.agriturismolegiarine.it\/index.php\/wp-json\/wp\/v2\/pages\/784\/revisions\/785"}],"wp:attachment":[{"href":"http:\/\/www.agriturismolegiarine.it\/index.php\/wp-json\/wp\/v2\/media?parent=784"}],"wp:term":[{"taxonomy":"post_tag","embeddable":true,"href":"http:\/\/www.agriturismolegiarine.it\/index.php\/wp-json\/wp\/v2\/tags?post=784"}],"curies":[{"name":"wp","href":"https:\/\/api.w.org\/{rel}","templated":true}]}}

<h2 class="wp-block-heading">Informativa Privacy:</h2>



<p>In osservanza del decreto legislativo 196/2003, di seguito sono riportate le informazioni in ordine alle finalità e modalità di trattamento dei Vs. dati personali, nonchè l’ambito di comunicazione e diffusione degli stessi, alla natura dei dati in nostro possesso e del loro conferimento.</p>



<p><strong>Finalità del trattamento</strong></p>



<p>I dati personali sono raccolti al fine di provvedere agli adempimenti connessi all’attività economica dell’azienda ed in particolare, a titolo esemplicativo, per adempimenti agli obblighi contrattuali (quali rapporti di fornitura, di vendita, mandati professionali nonchè relative registrazioni e modifiche), adempimenti agli obblighi di legge (quali fatturazione, registrazioni e scritture contabili obbligatorie e dichiarazioni fiscali), richieste di informazioni economiche volte alla valutazione della solvibilità dell’impresa e per le eventuali pratiche connesse alle insolvenze creditizie.</p>



<p><strong>Modalità di trattamento</strong><br>I dati saranno trattati in forma manuale e/o automatizzata ad opera di soggetti appositamente incaricati. Il trattamento avverrà nel rispetto delle regole di riservatezza e sicurezza previste dal Codice. I dati saranno registrati, organizzati e conservati in archivi informatici e/o cartacei e verranno aggiornati ogni volta che fosse necessario o richiesto.</p>



<p><strong>Ambito della comunicazione e diffusione</strong><br>I dati personali potranno essere comunicati/diffusi a soggetti esterni che svolgono specifici incarichi per conto dell’azienda (tenuta della contabilità, bilanci, adempimenti fiscali, trasporto dei beni), agli incaricati presenti in azienda addetti alle attività amministrative e commerciali, ad istituti bancari per la gestione di incassi e pagamenti derivanti dall’esecuzione di contratti, a soggetti che possono accedevi in forza di disposizione di legge, in forma anonima per finalità di ricerca scientifica o statistica.</p>



<p><strong>Natura del conferimento</strong><br>Il conferimento dei dati personali (quali ad esempio dati identificativi per clienti privati, Paritia I.V.A./codice fiscale e dati identificativi per clienti commerciali) è obbligatorio, pertanto, pertanto la richiesta di fornitura e/o collaborazione implica la manifestazione del consenso al trattamento di tali dati. Il rifiuto al conferimento dei dati comporta l’oggettiva impossibilità di gestire regolarmente il rapporto.</p>



<p><strong>Diritti dell’interessato</strong><br>Ai sensi dell’art. 7 del Codice, in quanto soggetti interessati, avete diritto, secondo le modalità e nei termini previsti dalla legge, di richiedere ed ottenere conferma dell’esistenza o meno dei Vostri dati personali, il loro aggiornamento, rettifica o cancellazione, di avere informazioni circa l’origine dei dati personali e le finalità e modalità del loro trattamento, e di esercitare tuti gli altri diritti riconosciuti dalle vigenti norme di legge.</p>



<p><strong>Titolare e Responsabili del trattamento :</strong></p>



<p><strong>Azienda Agricola Le Giarine S.r.l.</strong></p>



<p>via Dei Campi, 4</p>



<p>34070 &#8211; Fogliano Redipuglia (GO)</p>



<p>P.IVA&nbsp;01119920310</p>

<p>Informativa Privacy: In osservanza del decreto legislativo 196/2003, di seguito sono riportate le informazioni in ordine alle finalità e modalità di trattamento dei Vs. dati personali, nonchè l’ambito di comunicazione e diffusione degli stessi, alla natura dei dati in nostro possesso e del loro conferimento. Finalità del trattamento I dati personali sono raccolti al fine [&hellip;]</p>
